e f(-5).
-85
Let h(d) = -d**3 - 56*d**2 - 172*d + 215. What is h(-53)?
904
Let r(m) = 4*m**2 + 95*m + 312. Give r(-4).
-4
Let a(o) = 638*o + 75. Give a(-1).
-563
Let j(h) = 18*h - 45. What is j(1)?
-27
Let d(w) = -49*w - 1750. What is d(-34)?
-84
Let g(b) = b**3 + 48*b**2 - 46*b + 147. Determine g(-49).
0
Let j(n) = -27*n + 54. Determine j(3).
-27
Let l(i) = 2*i - 124. What is l(57)?
-10
Let z(t) = -3*t**3 - 147*t**2 - 2*t - 80. Determine z(-49).
18
Let l(n) = -3*n**3 - n**2 - 2*n - 94. Calculate l(0).
-94
Let y(w) = -w**2 + 5315*w - 42454. What is y(8)?
2
Let a(d) = 3*d**2 + 40*d + 148. What is a(-5)?
23
Let r(v) = -54*v**3 - 23*v**2 + 40*v - 3. Calculate r(2).
-447
Let u(r) = r**2 + 43*r - 75. Give u(-44).
-31
Let o(j) = -34*j - 160. Determine o(-4).
-24
Let l(i) = 147*i**3 - 8*i**2 + 158*i + 158. What is l(-1)?
-155
Let d(n) = 141*n + 1692. Determine d(-12).
0
Let u(h) = 7*h**2 + 968*h + 1930. What is u(-2)?
22
Let z(s) = 12*s + 139. Give z(-31).
-233
Let n(b) = b**3 + 84*b**2 + 67*b - 1330. Determine n(-83).
-2
Let r(c) = -21*c - 221. Give r(8).
-389
Let n(b) = 4090*b - 28645. Calculate n(7).
-15
Let f(s) = -50*s + 94. Give f(1).
44
Let f(n) = -n**3 + 215*n - 137. Give f(-15).
13
Let g(w) = 60*w**3 - 22559*w**2 - 376*w - 13. Give g(376).
-13
Let z(q) = -167*q**2 + 1502*q - 15. Determine z(9).
-24
Let f(k) = -k**3 + 15*k**2 - 6*k - 10. What is f(15)?
-100
Let c(f) = -38*f + 338. Determine c(9).
-4
Let l(v) = 5*v**2 - 3*v - 4. Determine l(-2).
22
Let j(s) = -2*s**2 - 53*s + 158. What is j(-32)?
-194
Let h(n) = -95*n**2 + 15*n - 2. Calculate h(-1).
-112
Let z(j) = -97*j - 7410. Determine z(-77).
59
Let w(d) = -2*d**3 + 263*d**2 - 139*d + 1054. Give w(131).
6
Let u(t) = 3*t - 178. Calculate u(57).
-7
Let z(s) = 175*s + 5779. Determine z(-33).
4
Let u(y) = 41*y + 138. Determine u(-2).
56
Let r(d) = 2*d**2 - 8*d + 29. Determine r(13).
263
Let j(s) = 78*s - 671. Give j(9).
31
Let s(n) = -2*n**3 + 118*n**2 + 90*n + 1852. Give s(60).
52
Let t(v) = -43*v**2 - 423*v + 35. Calculate t(-10).
-35
Let k(v) = 53*v - 1514. Give k(27).
-83
Let r(y) = -24*y**2 - 4865*y + 1421. Give r(-203).
0
Let r(p) = -24*p + 147. Give r(7).
-21
Let h(u) = 14*u**3 + 11*u - 20. Determine h(3).
391
Let y(z) = -2*z**3 - 97*z**2 + 46*z - 129. Determine y(-49).
18
Let g(n) = -6*n + 37. Give g(3).
19
Let k(x) = 39*x**3 - 3*x**2 - 4*x - 1. Calculate k(-1).
-39
Let a(k) = -15*k**3 - 164*k**2 + 12*k + 10. Determine a(-11).
-1
Let j(r) = 19*r + 840. Calculate j(-42).
42
Let p(j) = -7*j**3 + 121*j**2 + 245*j - 2. Give p(-2).
48
Let f(w) = 25*w - 86. Calculate f(4).
14
Let o(a) = -a - 19. Determine o(-18).
-1
Let x(k) = k**2 + 76*k + 1253. Determine x(-27).
-70
Let i(n) = -2*n**3 - 3*n**2 + 4*n - 6. Determine i(2).
-26
Let x(t) = t**2 - 8*t - 49. What is x(17)?
104
Let x(w) = -36*w**3 - 5*w**2 - 31*w + 86. What is x(3)?
-1024
Let c(w) = -w**2 + 24*w - 70. Determine c(18).
38
Let k(v) = -285*v**2 - 18512*v + 843. Give k(-65).
-2
Let s(t) = -44*t**2 - 4*t - 2. Give s(-1).
-42
Let c(x) = 49*x + 909. Calculate c(-18).
27
Let p(x) = 19073*x + 95380. Calculate p(-5).
15
Let k(p) = p**3 - 55*p**2 + 110*p - 308. What is k(53)?
-96
Let c(l) = -l**3 - 13*l**2 + 425*l - 45. What is c(15)?
30
Let a(b) = -227*b - 2081. What is a(-9)?
-38
Let l(i) = i**2 - 16*i + 46. Determine l(12).
-2
Let k(z) = z**3 + 11*z**2 - 37*z - 398. Calculate k(-11).
9
Let o(v) = -18*v - 1079. Calculate o(-63).
55
Let r(k) = 2*k**2 + 30*k + 203. What is r(-17)?
271
Let i(d) = -33*d**2 + 42*d - 41. Calculate i(1).
-32
Let m(q) = 63*q**2 - 18*q + 1. What is m(1)?
46
Let c(g) = -8*g**2 - 210*g - 60. Determine c(-26).
-8
Let b(g) = 381*g + 628. Calculate b(-1).
247
Let g(h) = h**3 - 9*h**2 + 24*h - 27. Give g(6).
9
Let m(q) = 2*q**2 - 78*q + 712. Calculate m(34).
372
Let r(c) = c**3 + 6*c**2 - 18*c + 40. Give r(4).
128
Let j(s) = -2*s**3 - 29*s**2 - 55*s + 62. What is j(-12)?
2
Let z(s) = 9*s**2 + 33*s - 3. Determine z(-5).
57
Let a(h) = 58*h**3 - 6*h - 8. Calculate a(-2).
-460
Let o(x) = -82*x - 40. Determine o(-2).
124
Let s(v) = -v**2 + 30*v + 561. What is s(-13)?
2
Let f(u) = 2*u**3 - 29*u**2 + 56*u + 42. Calculate f(12).
-6
Let a(c) = c**3 + 132*c**2 + 392*c + 482. Give a(-129).
-163
Let l(c) = -c**3 + 4*c**2 + 168*c - 279. Determine l(-12).
9
Let g(y) = 2*y**3 - 74*y**2 + 56*y + 600. Calculate g(36).
24
Let h(a) = 2*a**2 - 142*a + 140. Calculate h(70).
0
Let w(j) = 2*j**3 - 28*j**2 - j - 12. What is w(14)?
-26
Let p(i) = i**2 - 40*i - 132. Calculate p(0).
-132
Let f(c) = -90*c - 453. Calculate f(-5).
-3
Let n(p) = -33*p - 89. What is n(-7)?
142
Let r(y) = -y**2 - 85*y - 758. Calculate r(-10).
-8
Let m(x) = x**2 + 84*x + 249. Determine m(-3).
6
Let b(q) = 6*q - 268. Calculate b(46).
8
Let y(j) = 7*j**2 - 1115*j + 294. Give y(159).
-24
Let r(i) = 1097*i + 51. What is r(0)?
51
Let z(r) = -2*r**2 - 24*r + 358. What is z(10)?
-82
Let p(u) = -3*u**3 + 50*u**2 + 19*u + 55. Give p(17).
89
Let r(m) = 125*m**3 + 2*m**2 + 2*m. Determine r(-1).
-125
Let g(w) = -25*w**2 - 1750*w - 9. Give g(-70).
-9
Let z(y) = y**3 + 11*y**2 + 5*y + 24. What is z(-11)?
-31
Let x(k) = -11*k + 92. Calculate x(3).
59
Let i(b) = -3*b**2 + 27*b + 85. What is i(-3)?
-23
Let q(o) = -2*o**3 + 63*o**2 - 92*o + 14. Calculate q(30).
-46
Let f(a) = 3*a**2 + 53*a + 20. Calculate f(-10).
-210
Let a(f) = f**2 - 61*f - 335. Determine a(-5).
-5
Let d(n) = n**3 + 53*n**2 + 693*n + 59. Give d(-31).
-282
Let v(s) = s**3 + 24*s**2 - 78*s + 74. What is v(-27)?
-7
Let k(y) = y**3 - 7*y**2 + 11*y - 108. What is k(9)?
153
Let h(m) = -237*m - 3308. Give h(-14).
10
Let d(u) = 13*u**3 - 3*u**2 + 6*u + 9. Give d(-1).
-13
Let z(k) = 323*k - 2530. Calculate z(8).
54
Let c(w) = 550*w + 102. Give c(0).
102
Let d(t) = -8*t**2 + 55*t - 33. Determine d(6).
9
Let k(b) = 140*b**2 + 2*b - 2. Determine k(1).
140
Let s(w) = -w + 33. Give s(32).
1
Let i(j) = -2*j**3 - 33*j**2 - 14*j + 16. Determine i(-16).
-16
Let i(x) = -x**3 - 260*x + 7. Give i(0).
7
Let d(y) = y**3 + 18*y**2 - 50*y - 122. Calculate d(-20).
78
Let z(a) = 63*a**3 + 3*a**2 + a. Determine z(0).
0
Let j(g) = 75*g - 461. Calculate j(5).
-86
Let q(i) = 2*i**2 + 55*i + 208. What is q(-25)?
83
Let w(p) = -4*p - 142. Determine w(-33).
-10
Let x(g) = 2*g**2 - 353*g + 1149. Determine x(173).
-62
Let p(j) = 2*j**3 - 176*j**2 - 21214*j - 319. What is p(156)?
-7
Let w(g) = 16*g + 447. Calculate w(-27).
15
Let i(u) = u**2 + 418*u - 5633. Calculate i(13).
-30
Let w(h) = 3*h**3 + 16*h**2 - 68*h - 37. Determine w(-8).
-5
Let r(d) = -d**3 + 94*d**2 - 237*d + 4908. Calculate r(92).
32
Let r(l) = -6*l**3 - 71*l**2 + 11*l - 12. Calculate r(-12).
0
Let z(h) = -870*h - 3462. Give z(-4).
18
Let c(o) = -12*o**3 - 7*o**2 + 6*o + 1. Give c(1).
-12
Let i(q) = -q**3 - 45*q**2 + 258*q + 400. Determine i(-50).
0
Let r(w) = -15*w + 200. What is r(13)?
5
Let m(n) = 69*n - 809. Determine m(12).
19
Let d(h) = h**3 - 109*h**2 + 505*h + 1558. Give d(104).
-2
Let p(u) = 43*u**3 + 11*u**2 + 22*u - 10. Determine p(-2).
-354
Let z(r) = 8*r - 411. Calculate z(43).
-67
Let h(x) = -34*x + 673. Give h(20).
-7
Let v(k) = -2*k**3 + 836*k**2 + 1663*k + 7134. Determine v(420).
-6
Let v(l) = -37*l - 602. Calculate v(-16).
-10
Let o(u) = 49*u - 318. Give o(6).
-24
Let i(t) = t**3 - 159*t**2 + 150*t + 1251. Calculate i(158).
-13
Let t(q) = 10*q**2 + 382*q + 108. What is t(-38)?
32
Let g(q) = 3*q**3 + 1093*q**2 + 1449*q - 1080. Calculate g(-363).
9
Let y(b) = -4*b - 7. Determine y(9).
-43
Let p(h) = h**3 - 7*h**2 - 16*h - 29. Calculate p(8).
-93
Let j(o) = -10*o**2 - 145*o - 66. Determine j(-14).
4
Let y(g) = -3*g**2 - 54*g + 526. What is y(-24)?
94
Let v(c) = 59*c - 1093. Give v(17).
-90
Let u(b) = b**3 + 47*b**2 - 571*b - 57. What is u(-57)?
0
Let o(u) = 82*u**2 + 58*u - 122. What is o(2)?
322
Let k(h) = 618*h + 19143. Give k(-31).
-15
Let s(i) = i**2 - 81*i + 410. Calculate s(56).
-990
Let y(w) = -w**3 - 3*w**2 + 56*w - 14. Determine y(6).
-2
Let b(o) = -458*o**2 - 2749*o - 12. What is b(-6)?
-6
Let i(t) = -3*t**2 - 196*t - 60. What is i(-65)?
5
Let m(l) = 2*l**2 - 65*l + 128. Give m(28).
-124
Let i(r) = 2*r**3 + 2*r**2 - 4*r - 4. Determine i(1).
-4
Let r(j) = j**2 - 22*j + 120. Determine r(7).
15
Let b(l) = -29*l - 705. Determine b(-24).
-9
Let j(y) = -y**3 + 13*y**